mposite number?
True
Is 3457 prime?
True
Is 1727039 a prime number?
False
Is 59743 a composite number?
False
Is 23251 prime?
True
Is 432167 a composite number?
False
Is 4751 a prime number?
True
Is 249929 a prime number?
False
Is 366511 a prime number?
True
Is 4481 a composite number?
False
Is 121343 a composite number?
False
Is 139921 prime?
True
Is 1847 prime?
True
Is 2267701 composite?
False
Is 17827 a prime number?
True
Is 4052441 composite?
False
Is 44561 a prime number?
False
Is 5737 composite?
False
Is 33639 prime?
False
Is 197427 a prime number?
False
Is 106589 a prime number?
False
Is 14519 prime?
True
Is 17687 a composite number?
True
Is 2819 a prime number?
True
Is 41843 a prime number?
True
Is 2179 composite?
False
Is 4269 prime?
False
Is 28177 prime?
False
Is 73949 composite?
True
Is 16273 composite?
False
Is 107279 composite?
False
Is 46738 prime?
False
Is 16565 a prime number?
False
Is 56197 prime?
True
Is 28387 a composite number?
False
Is 30967 composite?
True
Is 142473 a composite number?
True
Is 2195957 a composite number?
True
Is 326207 a composite number?
True
Is 75685 a composite number?
True
Is 26383 a composite number?
True
Is 36601 composite?
True
Is 7669 composite?
False
Is 540539 composite?
False
Is 6803 a composite number?
False
Is 197539 a prime number?
True
Is 10847 prime?
True
Is 62549 a composite number?
False
Is 61519 a composite number?
False
Is 15511 composite?
False
Is 1984427 a composite number?
True
Is 208867 a prime number?
False
Is 180413 a prime number?
True
Is 14591 prime?
True
Is 15389 a prime number?
False
Is 48649 a prime number?
True
Is 271109 a composite number?
False
Is 236647 composite?
True
Is 12911 prime?
True
Is 120434 prime?
False
Is 75441 prime?
False
Is 465657 a composite number?
True
Is 5039 composite?
False
Is 32831 a prime number?
True
Is 2177 a composite number?
True
Is 554845 a composite number?
True
Is 18839 prime?
True
Is 6821 prime?
False
Is 661907 prime?
False
Is 335021 prime?
True
Is 53 prime?
True
Is 166739 composite?
False
Is 455165 a prime number?
False
Is 15563 a prime number?
False
Is 40643 a prime number?
False
Is 290539 composite?
False
Is 303529 a prime number?
True
Is 330887 prime?
True
Is 69677 a prime number?
True
Is 7909 a prime number?
False
Is 783257 composite?
False
Is 17953 a prime number?
False
Is 7342 prime?
False
Is 28895 prime?
False
Is 204413 a prime number?
False
Is 23413 a prime number?
False
Is 8203 composite?
True
Is 1383 a prime number?
False
Is 393707 prime?
False
Is 218849 prime?
True
Is 3377 a prime number?
False
Is 1801 a prime number?
True
Is 116434 a composite number?
True
Is 18773 a composite number?
False
Is 19661 prime?
True
Is 87007 a prime number?
False
Is 263629 a composite number?
True
Is 157309 prime?
False
Is 108577 prime?
False
Is 2809 prime?
False
Is 57197 a prime number?
False
Is 30269 a composite number?
False
Is 1717 a composite number?
True
Is 72035 composite?
True
Is 21709 prime?
False
Is 23137 a composite number?
True
Is 3137 a prime number?
True
Is 2477 composite?
False
Is 649 composite?
True
Is 52957 a composite number?
False
Is 179 a prime number?
True
Is 1234439 a composite number?
False
Is 21167 composite?
True
Is 93683 composite?
False
Is 32707 prime?
True
Is 243539 composite?
False
Is 3687 composite?
True
Is 21457 prime?
False
Is 2939 prime?
True
Is 1013585 a prime number?
False
Is 2167 a prime number?
False
Is 1055 prime?
False
Is 12881 a prime number?
False
Is 832099 a prime number?
False
Is 31547 a prime number?
True
Is 3208807 prime?
False
Is 66281 a composite number?
True
Is 54907 prime?
True
Is 131609 composite?
True
Is 827285 a composite number?
True
Is 565 prime?
False
Is 83751 prime?
False
Is 241291 a prime number?
True
Is 2449259 a prime number?
True
Is 157 prime?
True
Is 1232201 a composite number?
False
Is 214 prime?
False
Is 63197 prime?
True
Is 4861 prime?
True
Is 570559 composite?
True
Is 3109 composite?
False
Is 52919 a prime number?
True
Is 2716393 a composite number?
False
Is 12569 prime?
True
Is 39499 a prime number?
True
Is 11705 a composite number?
True
Is 1847 prime?
True
Is 9031 composite?
True
Is 21355 prime?
False
Is 155537 a composite number?
False
Is 8501 composite?
False
Is 10487 a composite number?
False
Is 565127 a prime number?
True
Is 22937 composite?
False
Is 1123841 a prime number?
True
Is 1826311 composite?
False
Is 35831 prime?
True
Is 4663 a composite number?
False
Is 323233 a prime number?
True
Is 140111 a composite number?
False
Is 67573 composite?
True
Is 319 composite?
True
Is 7411 composite?
False
Is 345629 a composite number?
True
Is 98989 composite?
True
Is 93061 composite?
True
Is 263335 composite?
True
Is 208783 prime?
False
Is 331997 a composite number?
False
Is 10063 prime?
False
Is 205351 a prime number?
False
Is 26759 prime?
True
Is 5305 prime?
False
Is 118247 prime?
True
Is 75877 a composite number?
True
Is 12039 prime?
False
Is 152531 prime?
True
Is 67 composite?
False
Is 22973 prime?
True
Is 10405 a composite number?
True
Is 155731 a composite number?
False
Is 3659 a prime number?
True
Is 33481 a composite number?
True
Is 26627 prime?
True
Is 100019 composite?
False
Is 24517 a prime number?
True
Is 1753 a composite number?
False
Is 149273 a prime number?
False
Is 2368373 a prime number?
False
Is 104243 a prime number?
True
Is 1027513 composite?
True
Is 167809 composite?
False
Is 44483 composite?
False
Is 3423899 composite?
False
Is 869 a composite number?
True
Is 9505 a composite number?
True
Is 92921 composite?
False
Is 41129 prime?
False
Is 425273 composite?
False
Is 2650183 a prime number?
True
Is 23099 composite?
False
Is 6761 a composite number?
False
Is 67657 composite?
True
Is 109331 composite?
False
Is 355 prime?
False
Is 2999 a composite number?
False
Is 15629 composite?
False
Is 5357 composite?
True
Is 1721 prime?
True
Is 65251 a composite number?
True
Is 78493 composite?
True
Is 749 prime?
False
Is 33403 prime?
True
Is 3407 composite?
False
Is 3053 a composite number?
True
Is 1721 a prime number?
True
Is 62821 a prime number?
False
Is 19291 composite?
True
Is 265729 a composite number?
False
Is 51307 prime?
True
Is 1025611 composite?
False
Is 1267971 prime?
False
Is 64401 prime?
False
Is 22187 a composite number?
True
Is 14131 composite?
True
Is 709 a composite number?
False
Is 1664771 a composite number?
False
Is 1004719 a prime number?
False
Is 7261 a composite number?
True
Is 42263 a composite number?
True
Is 68314 a prime number?
False
Is 98269 a prime number?
True
Is 5471 prime?
True
Is 174389 a prime number?
True
Is 65053 prime?
True
Is 3595 a composite number?
True
Is 399239 a prime number?
True
Is 81727 a prime number?
True
Is 535333 composite?
False
Is 29333 a composite number?
False
Is 317 a prime number?
True
Is 291 prime?
False
Is 22478 composite?
True
Is 42061 composite?
False
Is 194131 composite?
True
Is 16921 composite?
False
Is 3455 a composite number?
True
Is 8663 a composite number?
False
Is 40555 prime?
False
Is 118387 a composite number?
False
Is 1741547 composite?
False
Is 12689 a prime number?
True
Is 173933 a composite number?
False
Is 7814 a composite number?
True
Is 6953 prime?
False
Is 7801 composite?
True
Is 125303 a composite number?
False
Is 4237 composite?
True
Is 109295 prime?
False
Is 70561 a composite number?
True
Is 246299 a prime number?
False
Is 61151 prime?
True
Is 469849 prime?
True
Is 657553 a prime number?
False
Is 521 a composite number?
False
Is 524669 prime?
True
Is 10991 a prime number?
False
Is 6467 a composite number?
True
Is 333193 a prime number?
False
Is 495109 a composite number?
False
Is 113959 a prime number?
False
Is 21178 a composite number?
True
Is 814481 a prime number?
False
Is 14071 a prime number?
True
Is 2503 a prime number?
True
Is 438353 a prime number?
False
Is 11197 a composite number?
False
Is 94747 a prime number?
True
Is 7003 a composite number?
True
Is 4206857 prime?
True
Is 151627 a composite number?
True
Is 20807 a composite number?
False
Is 76417 prime?
False
Is 72595 a composite number?
True
Is 4487 a composite number?
True
Is 31121 composite?
False
Is 3602 a prime number?
False
Is 4897 composite?
True
Is 105511 composite?
True
Is 425779 a prime number?
True
Is 39931 composite?
True
Is 